{"id":512,"date":"2018-04-04T10:13:11","date_gmt":"2018-04-04T10:13:11","guid":{"rendered":"http:\/\/v1.cath-vn.ch\/?page_id=512"},"modified":"2018-10-21T11:58:04","modified_gmt":"2018-10-21T09:58:04","slug":"cong-doan-geneve","status":"publish","type":"page","link":"https:\/\/cath-vn.ch\/?page_id=512","title":{"rendered":"BHG C\u1ed8NG \u0110O\u00c0N GEN\u00c8VE"},"content":{"rendered":"<h3 style=\"text-align: center;\"><span style=\"color: #008080;\"><strong>Nhi\u1ec7m K\u1ef3 2018-2020<\/strong><\/span><\/h3>\n<p><img loading=\"lazy\" decoding=\"async\" class=\"aligncenter size-full wp-image-2274\" src=\"https:\/\/cath-vn.ch\/wp-content\/uploads\/2018\/06\/BHGGeneve2018-2020.jpg\" alt=\"\" width=\"640\" height=\"428\" srcset=\"https:\/\/cath-vn.ch\/wp-content\/uploads\/2018\/06\/BHGGeneve2018-2020.jpg 640w, https:\/\/cath-vn.ch\/wp-content\/uploads\/2018\/06\/BHGGeneve2018-2020-300x201.jpg 300w\" sizes=\"(max-width: 640px) 100vw, 640px\" \/><\/p>\n<table style=\"border: 0px solid black;\" cellspacing=\"30\">\n<thead>\n<tr>\n<th>\n<h5 style=\"text-align: center;\"><strong>Linh M\u1ee5c Ph\u1ee5 Tr\u00e1ch<br \/>\n<\/strong><\/h5>\n<p style=\"text-align: center;\">LM Robert Tr\u01b0\u01a1ng Ho\u00e0ng B\u1eedu<\/p>\n<h5 style=\"text-align: center;\"><strong>Ch\u1ee7 t\u1ecbch<\/strong><\/h5>\n<p style=\"text-align: center;\">Hu\u1ef3nh Uy\u00ean Ly<\/p>\n<h5 style=\"text-align: center;\"><strong>Ph\u00f3 ch\u1ee7 t\u1ecbch<\/strong><\/h5>\n<p style=\"text-align: center;\">Hu\u1ef3nh Ti\u1ebfn B\u00ecnh<\/p>\n<h5 style=\"text-align: center;\"><strong>Th\u01b0 k\u00fd<\/strong><\/h5>\n<p style=\"text-align: center;\">Ph\u1ea1m Ho\u00e0i Thu<\/p>\n<h5 style=\"text-align: center;\"><strong>Th\u1ee7 qu\u1ef9<\/strong><\/h5>\n<p style=\"text-align: center;\">B\u00f9i \u00c1i V\u00e2n<\/p>\n<\/th>\n<th>\n<h5 style=\"text-align: center;\"><strong>\u1ea8m th\u1ef1c<\/strong><\/h5>\n<p style=\"text-align: center;\">Tr\u01b0\u01a1ng H\u1ed3ng Oanh<\/p>\n<p style=\"text-align: center;\">H\u00e0 Th\u1ecb M\u1ed9ng C\u1ea7m<\/p>\n<h5 style=\"text-align: center;\"><strong>Th\u00e1nh ca<\/strong><\/h5>\n<p style=\"text-align: center;\">Ph\u1ea1m Th\u1ecb Thanh Mai<\/p>\n<p style=\"text-align: center;\">Nguy\u1ec5n Quang Di\u1ec7u<\/p>\n<h5 style=\"text-align: center;\"><strong>V\u0103n ngh\u1ec7<\/strong><\/h5>\n<p style=\"text-align: center;\">\u0110\u1eb7ng Th\u1ecb H\u1ea1nh Ph\u01b0\u1edbc<\/p>\n<p style=\"text-align: center;\">Ph\u1ea1m Ho\u00e0ng Phong<\/p>\n<h5 style=\"text-align: center;\"><strong>Ph\u1ee5ng v\u1ee5<\/strong><\/h5>\n<p style=\"text-align: center;\">Hu\u1ef3nh Ti\u1ebfn B\u00ecnh<\/p>\n<\/th>\n<\/tr>\n<\/thead>\n<\/table>\n","protected":false},"excerpt":{"rendered":"<p>Nhi\u1ec7m K\u1ef3 2018-2020 Linh M\u1ee5c Ph\u1ee5 Tr\u00e1ch LM Robert Tr\u01b0\u01a1ng Ho\u00e0ng B\u1eedu Ch\u1ee7 t\u1ecbch Hu\u1ef3nh Uy\u00ean Ly Ph\u00f3 ch\u1ee7 t\u1ecbch Hu\u1ef3nh Ti\u1ebfn B\u00ecnh Th\u01b0 k\u00fd Ph\u1ea1m Ho\u00e0i Thu Th\u1ee7 qu\u1ef9 B\u00f9i \u00c1i V\u00e2n \u1ea8m th\u1ef1c Tr\u01b0\u01a1ng H\u1ed3ng Oanh H\u00e0 Th\u1ecb<\/p>\n","protected":false},"author":1,"featured_media":0,"parent":0,"menu_order":0,"comment_status":"closed","ping_status":"closed","template":"","meta":{"_et_pb_use_builder":"","_et_pb_old_content":"","_et_gb_content_width":"","footnotes":""},"class_list":["post-512","page","type-page","status-publish","hentry"],"_links":{"self":[{"href":"https:\/\/cath-vn.ch\/index.php?rest_route=\/wp\/v2\/pages\/512","targetHints":{"allow":["GET"]}}],"collection":[{"href":"https:\/\/cath-vn.ch\/index.php?rest_route=\/wp\/v2\/pages"}],"about":[{"href":"https:\/\/cath-vn.ch\/index.php?rest_route=\/wp\/v2\/types\/page"}],"author":[{"embeddable":true,"href":"https:\/\/cath-vn.ch\/index.php?rest_route=\/wp\/v2\/users\/1"}],"replies":[{"embeddable":true,"href":"https:\/\/cath-vn.ch\/index.php?rest_route=%2Fwp%2Fv2%2Fcomments&post=512"}],"version-history":[{"count":31,"href":"https:\/\/cath-vn.ch\/index.php?rest_route=\/wp\/v2\/pages\/512\/revisions"}],"predecessor-version":[{"id":2553,"href":"https:\/\/cath-vn.ch\/index.php?rest_route=\/wp\/v2\/pages\/512\/revisions\/2553"}],"wp:attachment":[{"href":"https:\/\/cath-vn.ch\/index.php?rest_route=%2Fwp%2Fv2%2Fmedia&parent=512"}],"curies":[{"name":"wp","href":"https:\/\/api.w.org\/{rel}","templated":true}]}}