{"id":576,"date":"2018-04-04T16:08:05","date_gmt":"2018-04-04T16:08:05","guid":{"rendered":"http:\/\/v1.cath-vn.ch\/?page_id=576"},"modified":"2026-01-21T20:51:11","modified_gmt":"2026-01-21T18:51:11","slug":"lich-trinh-thanh-le-fribourg","status":"publish","type":"page","link":"https:\/\/cath-vn.ch\/?page_id=576","title":{"rendered":"Th\u00e1nh L\u1ec5 Gi\u00e1o \u0110o\u00e0n"},"content":{"rendered":"<h3 style=\"text-align: center; color: #008080;\"><strong>GI\u00c1O \u0110O\u00c0N TH\u00c1NH ANT\u00d4N QU\u1ef2NH<\/strong><\/h3>\n<h4 style=\"text-align: center;\"><strong>L\u1ecaCH TR\u00ccNH TH\u00c1NH L\u1ec4 VI\u1ec6T NAM 2026<\/strong><\/h4>\n<table style=\"border: 1px solid black;\" width=\"678\">\n<tbody>\n<tr>\n<th style=\"border: 1px solid black;\" width=\"64\">\n<h4 style=\"text-align: center;\"><strong>Th\u00e1ng<\/strong><\/h4>\n<\/th>\n<th style=\"border: 1px solid black;\" width=\"378\">\n<h4 style=\"text-align: center;\"><strong>Th\u00e1nh L\u1ec5<\/strong><\/h4>\n<\/th>\n<th style=\"border: 1px solid black;\" width=\"170\">\n<h4 style=\"text-align: center;\"><strong>\u0110\u1ecba \u0111i\u1ec3m<\/strong><\/h4>\n<\/th>\n<\/tr>\n<tr>\n<td style=\"border: 1px solid black;\" width=\"64\">\n<h3 style=\"text-align: right;\"><span style=\"color: #008080;\"><strong>3<\/strong><\/span><\/h3>\n<\/td>\n<td style=\"border: 1px solid black;\" width=\"378\">Th\u1ee9 B\u00e0y 28.03, 9g &#8211; Ch\u00faa nh\u1eadt 29.03, 10g: C\u1ea5m ph\u00f2ng m\u00f9a Chay<strong>Ch\u00faa nh\u1eadt 29.03, 10g00: R\u01b0\u1edbc L\u00e1 &amp; Th\u00e1nh l\u1ec5<\/strong><\/td>\n<td style=\"border: 1px solid black; text-align: center;\" width=\"170\"><strong>Notre-Dame de Fatima<br \/>\n<\/strong><strong>(Orsonnens)<\/strong><\/td>\n<\/tr>\n<tr>\n<td style=\"border: 1px solid black;\" width=\"64\">\n<h3 style=\"text-align: right;\"><span style=\"color: #008080;\"><strong>5<\/strong><\/span><\/h3>\n<\/td>\n<td style=\"border: 1px solid black;\" width=\"378\"><strong>Ch\u00faa nh\u1eadt 31.05, 10g: H\u00e0nh H\u01b0\u01a1ng K\u00ednh \u0110\u1ee9c M\u1eb9 La vang<\/strong><\/td>\n<td style=\"border: 1px solid black; text-align: center;\" width=\"170\"><strong>Notre-Dame de Fatima <\/strong><strong>(Orsonnens)<\/strong><\/td>\n<\/tr>\n<tr>\n<td style=\"border: 1px solid black;\" width=\"64\">\n<h3 style=\"text-align: right;\"><span style=\"color: #008080;\"><strong>10<\/strong><\/span><\/h3>\n<\/td>\n<td style=\"border: 1px solid black;\" width=\"378\"><strong>Th\u1ee9 B\u1ea3y 10.10, 15g: \u0110\u1ea1i L\u1ec5 M\u1eebng K\u00ednh C\u00e1c Th\u00e1nh T\u1eed \u0110\u1ea1o n\u01b0<\/strong>\u1edbc <strong>Vi\u1ec7t Nam<\/strong><\/td>\n<td style=\"border: 1px solid black; text-align: center;\" width=\"170\"><strong>St-Etienne (Belfaux)<\/strong><\/td>\n<\/tr>\n<\/tbody>\n<\/table>\n","protected":false},"excerpt":{"rendered":"<p>GI\u00c1O \u0110O\u00c0N TH\u00c1NH ANT\u00d4N QU\u1ef2NH L\u1ecaCH TR\u00ccNH TH\u00c1NH L\u1ec4 VI\u1ec6T NAM 2026 Th\u00e1ng Th\u00e1nh L\u1ec5 \u0110\u1ecba \u0111i\u1ec3m 3 Th\u1ee9 B\u00e0y 28.03, 9g &#8211; Ch\u00faa nh\u1eadt 29.03, 10g: C\u1ea5m ph\u00f2ng m\u00f9a ChayCh\u00faa nh\u1eadt 29.03, 10g00: R\u01b0\u1edbc L\u00e1 &amp; Th\u00e1nh l\u1ec5 Notre-Dame<\/p>\n","protected":false},"author":1,"featured_media":0,"parent":0,"menu_order":0,"comment_status":"closed","ping_status":"closed","template":"","meta":{"_et_pb_use_builder":"","_et_pb_old_content":"","_et_gb_content_width":"","footnotes":""},"class_list":["post-576","page","type-page","status-publish","hentry"],"_links":{"self":[{"href":"https:\/\/cath-vn.ch\/index.php?rest_route=\/wp\/v2\/pages\/576","targetHints":{"allow":["GET"]}}],"collection":[{"href":"https:\/\/cath-vn.ch\/index.php?rest_route=\/wp\/v2\/pages"}],"about":[{"href":"https:\/\/cath-vn.ch\/index.php?rest_route=\/wp\/v2\/types\/page"}],"author":[{"embeddable":true,"href":"https:\/\/cath-vn.ch\/index.php?rest_route=\/wp\/v2\/users\/1"}],"replies":[{"embeddable":true,"href":"https:\/\/cath-vn.ch\/index.php?rest_route=%2Fwp%2Fv2%2Fcomments&post=576"}],"version-history":[{"count":47,"href":"https:\/\/cath-vn.ch\/index.php?rest_route=\/wp\/v2\/pages\/576\/revisions"}],"predecessor-version":[{"id":4466,"href":"https:\/\/cath-vn.ch\/index.php?rest_route=\/wp\/v2\/pages\/576\/revisions\/4466"}],"wp:attachment":[{"href":"https:\/\/cath-vn.ch\/index.php?rest_route=%2Fwp%2Fv2%2Fmedia&parent=576"}],"curies":[{"name":"wp","href":"https:\/\/api.w.org\/{rel}","templated":true}]}}